 factors of o(-35)?
3, 3181
Let a = 57930 + 410. What are the prime factors of a?
2, 5, 2917
Suppose -2*j + 15 = -7*j, -5*x = 2*j - 11649. What are the prime factors of x?
3, 7, 37
Let i = -102 + 107. Suppose -4*u = -4*n - 0*u + 192, n - 28 = i*u. List the prime factors of n.
53
Suppose -67 + 35 = -4*w. What are the prime factors of w/2 - ((-449)/1 - -5)?
2, 7
Let n(z) be the second derivative of z**6/360 - z**5/15 - z**4/8 + 13*z**3/6 - 4*z. Let j(k) be the second derivative of n(k). List the prime factors of j(13).
2, 31
Let v be (168/48)/(1/(-4)). Let b be 2*1*(v - -16). Suppose 0 = 4*u + 5*i - 134 + 22, -5*u + b*i = -99. What are the prime factors of u?
23
Let o = -215 + 218. Suppose -l - a = -269, 0*l + o*a = 3*l - 777. What are the prime factors of l?
2, 3, 11
Suppose -25*u + 21*u = y - 26062, -3*y - 6522 = -u. What are the prime factors of u?
2, 3, 181
Suppose 0*t - 3*t + 24154 = -3515. List the prime factors of t.
23, 401
Let w(m) = -8*m + 20. Let h be w(5). Let j(b) = -b**2 - 22*b + 8. Let g be j(h). Suppose 3*s + s + 22 = k, 2*k - 4*s - g = 0. List the prime factors of k.
2, 13
Let i(p) = -p + 5. Let q be i(6). Let y = -1961 + 1962. What are the prime factors of (y - -3)*22 - q?
89
Let j(n) = -56 + 24 - 8 - 258*n. What are the prime factors of j(-4)?
2, 31
Let w(u) = 24*u + 4. Let r be w(-1). Let y = r - -371. Let x = y - 175. What are the prime factors of x?
2, 11
Let o be 8024/18 + (-6)/(-27). Let x = 2775 - 2770. Suppose x*a - 279 = o. What are the prime factors of a?
5, 29
Suppose 3*h = 4*h - 5. Let n(c) be the second derivative of 13*c**3/6 + 15*c**2/2 + 19*c. List the prime factors of n(h).
2, 5
Let o be ((-14)/(-35))/((8/(-30))/4). What are the prime factors of ((-3)/((-18)/(-124)))/(o/324)?
2, 3, 31
Suppose 8*l - 7*l = 27. Let b = -22 + l. Suppose -5*i = -b*r + 290, -3*i - 12 = i. What are the prime factors of r?
5, 11
Suppose 2*g = -4*h - h + 136, g - 3*h - 46 = 0. List the prime factors of -26*(g/(-3))/(32/120).
5, 13, 29
Let y(x) = -89*x**2 - 14*x - 34. Let u(a) = -44*a**2 - 7*a - 17. Let h(r) = 5*u(r) - 3*y(r). List the prime factors of h(-3).
419
Let v(t) = -8*t**3 + 9*t**2 + 31*t - 1. Suppose -5*o - 11 = 4. What are the prime factors of v(o)?
7, 29
Let r(b) = 7*b - 23. Let c be r(4). Let k(y) = -4*y**3 + 6*y**2 + 5*y + 3. Let g be k(c). Let f = g - -461. What are the prime factors of f?
139
Let s(z) be the first derivative of -55*z**2 - 20*z - 763. Let v = 5 - 7. List the prime factors of s(v).
2, 5
Suppose -4*a = -17945 - 15111. What are the prime factors of a?
2, 1033
Suppose -12*l - 1195 + 14347 = 0. Suppose -5*m - 716 - l = -2*i, m - 4530 = -5*i. What are the prime factors of i?
2, 3, 151
Suppose 346470 = -13*n + 564858 + 500525. What are the prime factors of n?
17, 3253
Suppose 0 = -23*t + 22*t - 2*c + 64399, -c = 9. What are the prime factors of t?
37, 1741
Suppose -278*l = -274*l + 204. Let s(k) = -k**2 - 3*k + 1. Let d be s(-4). List the prime factors of l/(-9)*d/(-1).
17
What are the prime factors of (385750/625)/((-2)/(-20))?
2, 1543
Let h(b) be the second derivative of b**5/20 - b**4 - 25*b**3/6 + 9*b**2 - 33*b. What are the prime factors of h(14)?
2, 3, 5
Let c(j) = j**3 - 9*j**2 - j - 1. Let o be c(9). Let k(n) = n**3 + 14*n**2 - 13*n - 35. Let i be k(o). Suppose 2*h = -3*h + i. What are the prime factors of h?
3, 11
Let u(s) = 5*s + 45. Let f be u(-8). Suppose 2*c + 2631 = f*j + 4*c, 5*j - 2637 = -4*c. What are the prime factors of j?
3, 5, 7
Suppose 36*t = 30652 + 12548. What are the prime factors of t?
2, 3, 5
Suppose -2*a = -t + 4029, 0 = 4*t - 125*a + 130*a - 16142. List the prime factors of t.
37, 109
Let o = 5068 - -15316. List the prime factors of o.
2, 7, 13
Let l(c) be the third derivative of c**5/4 - c**4/8 - 14*c**3/3 + 129*c**2. List the prime factors of l(9).
2, 5, 29
Let b(r) = 131*r**2 + 2*r - 2. Let a be b(1). Suppose z + a = y + 3*y, -y = -4*z - 14. Suppose y*x = 30*x + 120. List the prime factors of x.
2, 3, 5
Suppose 3*s = -3*w, 3*w + 3*s = -w + 5. Suppose 0 = -h - 5*m + 313 - 32, -w*m = -5. What are the prime factors of h?
2, 3, 23
Suppose -160 = 5*q + 5*i, -i = -3*q - 57 - 31. What are the prime factors of (212/(-6) + 0)*135/q?
3, 53
Suppose 11*c = 9*c + 28. Suppose -z + c + 52 = 0. Suppose -z = 3*d - 4*d. List the prime factors of d.
2, 3, 11
Let p = -7416 + 16595. List the prime factors of p.
67, 137
Suppose -5*x - 2*y = -168714, -154*y + 157*y = -4*x + 134981. What are the prime factors of x?
2, 5, 7, 241
Suppose -2041 = -5*s - 2*n, 585 = 2*s + n - 231. Let d = 1159 + -440. Let t = d - s. List the prime factors of t.
2, 5, 31
Suppose 86*a - 87*a = 0, -2*a + 1632 = 3*y. What are the prime factors of y?
2, 17
Suppose 0 = -2*y + 10 + 2. Let o be y/3 + (-3)/(-9)*3. What are the prime factors of (23 + o)*(-9)/(-2)?
3, 13
Let y be 2 + -2 - (9 + -11). List the prime factors of y + -5 + 3/((-21)/(-4060)).
577
Let r = -121 + 124. List the prime factors of ((-1224)/238)/(r/(-14)).
2, 3
Let i(s) = 8*s**2 - 17*s + 8. Let p(q) = -q**2 + q + 1. Let n(l) = i(l) + 6*p(l). Let b be n(9). Let k = b - 62. List the prime factors of k.
3, 5
Let q be (1 + 1)/((-135)/141 - -1). Let b be q + 2/(2 + -3). Suppose n - b = -2. List the prime factors of n.
43
List the prime factors of (10 + -15 + 1 + 2)*(-1 + -25177).
2, 12589
Let s(c) = 2*c**3 - 6*c**2 + 5*c + 11. Let x = 50 + -45. Let j be s(x). Let h = -78 + j. List the prime factors of h.
2, 29
Let n(p) = 107*p**3 - 4*p**2 + 4*p - 9. Let r be n(3). Suppose 8*y = -0*y + r. What are the prime factors of y?
3, 7, 17
Suppose 3*k - 5*h + 50 = 0, -4*h = -9 - 7. What are the prime factors of 1 + (-185)/(-25) - 6/k?
3
Let m be (-1516)/(-2) - (-3)/3. Let i = m + -513. Suppose -3*y - 3*n = -135 - 111, -3*y + i = -3*n. What are the prime factors of y?
2, 41
Let u = -5635 + 15354. List the prime factors of u.
9719
Suppose 5*p = 5*n - 20, -p + 8 = 4*n + 2. Suppose -r - 2*v - 388 = -3*r, -n*v - 197 = -r. What are the prime factors of r?
191
Let h be (-295)/12*(-18)/(-60) + (-39)/(-104). Suppose -5*s + 14 = 4. List the prime factors of s/(h/(2996/(-8))).
107
Let j = -53 - -56. Suppose 4*p = j*w - 226, -w + 5*p + 94 = 15. What are the prime factors of w?
2, 37
Let o = 2747 + -1547. List the prime factors of o.
2, 3, 5
Suppose -75 = -4*l - 5*g, -l + 77 = 3*l + 3*g. Let t be 7/(-3)*(-330)/385. Suppose -3*s = -4*s + t*m + l, -4*s = -5*m - 74. List the prime factors of s.
2
Let q(k) = 7*k + 4 + 18 - 3*k - 8. Let v be q(-5). List the prime factors of v/(((-2)/40)/((-3)/(-18))).
2, 5
Suppose 5*k - 1 = 3*o + 78, 5*o + 4*k = -70. Let y(m) = -3 + 1 + 18*m**2 - 6*m + m**3 + 1. List the prime factors of y(o).
107
What are the prime factors of (-1073)/(-174) + -6 - 3365/(-6)?
3, 11, 17
Suppose -15*q + 13*q + 4 = 0. Suppose 0 = q*f - 153 - 105. List the prime factors of f.
3, 43
Suppose 3*n - 28*n + 11750 = 0. What are the prime factors of ((-8)/10)/(6 - 2824/n)?
2, 47
Let d be 3 + -1 + -1053 + 4. Let l = d - -1673. What are the prime factors of l?
2, 313
Let y(m) = -m**3 - 80*m**2 + 239*m - 6. List the prime factors of y(-84).
2, 3, 23, 59
Let m(r) = 8*r - 17*r - 28 + 11*r. Let f be m(12). What are the prime factors of 1276/12 + f/(-6)?
107
Suppose 34*g = 25*g + 207. Let f(y) = 9*y - 188. List the prime factors of f(g).
19
Let d(p) = 15*p**2 - 9*p + 2 - 36*p**3 + 18*p**3 + 16*p**3 + 14*p**2. List the prime factors of d(13).
2, 7
Suppose 36104 - 40193 = -15*y + 53961. What are the prime factors of y?
2, 3, 5, 43
List the prime factors of (12/10)/(8/(-20)) - (-7710)/1.
3, 7, 367
Suppose -3*s = 3*v - s + 26, 4*v + 28 = 4*s. List the prime factors of (7889/92)/((-2)/v).
7
Let d(b) = -35*b + 149. Let j be d(-25). Suppose r + 1644 = 3*k - j, -5*k + 4*r = -4456. What are the prime factors of k?
2, 3, 37
Let q(p) = -7*p - 58. Let d be q(-16). Let j = 6 + d. List the prime factors of j.
2, 3, 5
Let v = 303 + -301. List the prime factors of -1*-1*(v + 20).
2, 11
Let i(k) = 1322*k + 5461. List the prime factors of i(6).
59, 227
Let o(x) = -551*x + 5356. What are the prime factors of o(5)?
3, 17
Let m = 3127 + -2414. What are the prime factors of m?
23, 31
Suppose 99*k - 243900 = 40*k + 41*k. List the prime factors of k.
2, 5, 271
Suppose -s = 2*o - 1198, 2*s + 1204 = o + o. Suppose g - 2*q 